{"id":121,"date":"2022-05-30T16:28:03","date_gmt":"2022-05-30T16:28:03","guid":{"rendered":"https:\/\/asusenre.com\/?page_id=121"},"modified":"2023-01-10T01:15:06","modified_gmt":"2023-01-10T01:15:06","slug":"aula-tematica","status":"publish","type":"page","link":"https:\/\/asusenre.com\/?page_id=121","title":{"rendered":"Aula Tem\u00e1tica"},"content":{"rendered":"<p>[et_pb_section fb_built=\u00bb1&#8243; fullwidth=\u00bbon\u00bb _builder_version=\u00bb4.9.4&#8243; _module_preset=\u00bbdefault\u00bb][et_pb_fullwidth_header title=\u00bbAULA TEM\u00c1TICA\u00bb subhead=\u00bbAsociaci\u00f3n de usuarios de Energ\u00edas Renovables\u00bb text_orientation=\u00bbcenter\u00bb header_fullscreen=\u00bbon\u00bb logo_image_url=\u00bbhttps:\/\/asusenre.com\/wp-content\/uploads\/Aula-295&#215;300.png\u00bb content_max_width=\u00bb50%\u00bb _builder_version=\u00bb4.9.4&#8243; _module_preset=\u00bbdefault\u00bb title_text_align=\u00bbcenter\u00bb title_text_color=\u00bb#000000&#8243; title_font_size=\u00bb60px\u00bb content_text_color=\u00bb#000000&#8243; content_font_size=\u00bb17px\u00bb content_line_height=\u00bb2.5em\u00bb subhead_text_color=\u00bb#000000&#8243; subhead_font_size=\u00bb14px\u00bb subhead_letter_spacing=\u00bb5px\u00bb background_enable_color=\u00bboff\u00bb use_background_color_gradient=\u00bbon\u00bb background_color_gradient_start=\u00bbrgba(255,255,255,0.76)\u00bb background_color_gradient_end=\u00bbrgba(255,255,255,0.85)\u00bb background_color_gradient_overlays_image=\u00bbon\u00bb background_image=\u00bbhttps:\/\/asusenre.com\/wp-content\/uploads\/274961612_970078950291878_9119975329911988702_n.jpg\u00bb]<\/p>\n<p><strong>Promoviendo el autoconsumo de energ\u00eda<\/strong><\/p>\n<p>[\/et_pb_fullwidth_header][\/et_pb_section][et_pb_section fb_built=\u00bb1&#8243; _builder_version=\u00bb4.9.4&#8243; _module_preset=\u00bbdefault\u00bb][et_pb_row _builder_version=\u00bb4.9.4&#8243; _module_preset=\u00bbdefault\u00bb][et_pb_column type=\u00bb4_4&#8243; _builder_version=\u00bb4.9.4&#8243; _module_preset=\u00bbdefault\u00bb][et_pb_text _builder_version=\u00bb4.9.4&#8243; _module_preset=\u00bbdefault\u00bb hover_enabled=\u00bb0&#8243; sticky_enabled=\u00bb0&#8243;]<\/p>\n<p style=\"text-align: justify;\">En concordancia con los prop\u00f3sitos de la Asociaci\u00f3n de Usuarios de Energ\u00edas Renovables es que se crea este espacio formativo en distintos ambitos de las energ\u00edas renovables.<\/p>\n<p style=\"text-align: justify;\">El dise\u00f1o del contenido de este espacio ha sido subvencionado por la Comunidad Aut\u00f3noma de la Regi\u00f3n de Murcia.<\/p>\n<p>[\/et_pb_text][\/et_pb_column][\/et_pb_row][et_pb_row _builder_version=\u00bb4.9.4&#8243; _module_preset=\u00bbdefault\u00bb][et_pb_column _builder_version=\u00bb4.9.4&#8243; _module_preset=\u00bbdefault\u00bb type=\u00bb4_4&#8243;][et_pb_image src=\u00bbhttps:\/\/asusenre.com\/wp-content\/uploads\/9074-IMGR4.png\u00bb _builder_version=\u00bb4.9.4&#8243; _module_preset=\u00bbdefault\u00bb module_alignment=\u00bbcenter\u00bb hover_enabled=\u00bb0&#8243; sticky_enabled=\u00bb0&#8243; align=\u00bbcenter\u00bb max_width=\u00bb25%\u00bb][\/et_pb_image][\/et_pb_column][\/et_pb_row][et_pb_row column_structure=\u00bb1_3,1_3,1_3&#8243; _builder_version=\u00bb4.9.4&#8243; _module_preset=\u00bbdefault\u00bb][et_pb_column type=\u00bb1_3&#8243; _builder_version=\u00bb4.9.4&#8243; _module_preset=\u00bbdefault\u00bb][et_pb_image src=\u00bbhttps:\/\/asusenre.com\/wp-content\/uploads\/ENERGIA-ELECTRICA-1.png\u00bb title_text=\u00bbGu\u00eda de consumo responsable &#8211; Energ\u00eda el\u00e9ctrica\u00bb _builder_version=\u00bb4.9.4&#8243; _module_preset=\u00bbdefault\u00bb hover_enabled=\u00bb0&#8243; sticky_enabled=\u00bb0&#8243; url=\u00bbhttps:\/\/asusenre.com\/wp-content\/uploads\/ENERGIA-ELECTRICA.pdf\u00bb url_new_window=\u00bbon\u00bb][\/et_pb_image][\/et_pb_column][et_pb_column type=\u00bb1_3&#8243; _builder_version=\u00bb4.9.4&#8243; _module_preset=\u00bbdefault\u00bb][et_pb_image src=\u00bbhttps:\/\/asusenre.com\/wp-content\/uploads\/GAS-1.png\u00bb title_text=\u00bbGu\u00eda de consumo responsable &#8211; Gas\u00bb _builder_version=\u00bb4.9.4&#8243; _module_preset=\u00bbdefault\u00bb hover_enabled=\u00bb0&#8243; sticky_enabled=\u00bb0&#8243; url=\u00bbhttps:\/\/asusenre.com\/wp-content\/uploads\/GAS.pdf\u00bb url_new_window=\u00bbon\u00bb][\/et_pb_image][\/et_pb_column][et_pb_column type=\u00bb1_3&#8243; _builder_version=\u00bb4.9.4&#8243; _module_preset=\u00bbdefault\u00bb][et_pb_image src=\u00bbhttps:\/\/asusenre.com\/wp-content\/uploads\/EFICIENCIA-1.png\u00bb title_text=\u00bbGu\u00eda de consumo responsable &#8211; Eficiencia Energ\u00e9tica\u00bb _builder_version=\u00bb4.9.4&#8243; _module_preset=\u00bbdefault\u00bb hover_enabled=\u00bb0&#8243; sticky_enabled=\u00bb0&#8243; url=\u00bbhttps:\/\/asusenre.com\/wp-content\/uploads\/EFICIENCIA.pdf\u00bb url_new_window=\u00bbon\u00bb][\/et_pb_image][\/et_pb_column][\/et_pb_row][et_pb_row _builder_version=\u00bb4.9.4&#8243; _module_preset=\u00bbdefault\u00bb][et_pb_column _builder_version=\u00bb4.9.4&#8243; _module_preset=\u00bbdefault\u00bb type=\u00bb4_4&#8243;][et_pb_text _builder_version=\u00bb4.9.4&#8243; _module_preset=\u00bbdefault\u00bb hover_enabled=\u00bb0&#8243; sticky_enabled=\u00bb0&#8243;]<\/p>\n<p style=\"text-align: justify;\">Los contenidos de esta secci\u00f3n fueron desarrollados por GSC &#8211; Servicio de Excelencia al Consumidor por encargo de la Asociaci\u00f3n de Usuarios de Energ\u00edas Renovables.<\/p>\n<p>[\/et_pb_text][et_pb_image src=\u00bbhttps:\/\/asusenre.com\/wp-content\/uploads\/LOGO-ALTA.png\u00bb _builder_version=\u00bb4.9.4&#8243; _module_preset=\u00bbdefault\u00bb align=\u00bbcenter\u00bb width=\u00bb19%\u00bb hover_enabled=\u00bb0&#8243; sticky_enabled=\u00bb0&#8243;][\/et_pb_image][\/et_pb_column][\/et_pb_row][\/et_pb_section]<\/p>\n","protected":false},"excerpt":{"rendered":"<p>[et_pb_section fb_built=\u00bb1&#8243; fullwidth=\u00bbon\u00bb _builder_version=\u00bb4.9.4&#8243; _module_preset=\u00bbdefault\u00bb][et_pb_fullwidth_header title=\u00bbAULA TEM\u00c1TICA\u00bb subhead=\u00bbAsociaci\u00f3n de usuarios de Energ\u00edas Renovables\u00bb text_orientation=\u00bbcenter\u00bb header_fullscreen=\u00bbon\u00bb logo_image_url=\u00bbhttps:\/\/asusenre.com\/wp-content\/uploads\/Aula-295&#215;300.png\u00bb content_max_width=\u00bb50%\u00bb _builder_version=\u00bb4.9.4&#8243; _module_preset=\u00bbdefault\u00bb title_text_align=\u00bbcenter\u00bb title_text_color=\u00bb#000000&#8243; title_font_size=\u00bb60px\u00bb content_text_color=\u00bb#000000&#8243; content_font_size=\u00bb17px\u00bb content_line_height=\u00bb2.5em\u00bb subhead_text_color=\u00bb#000000&#8243; subhead_font_size=\u00bb14px\u00bb subhead_letter_spacing=\u00bb5px\u00bb background_enable_color=\u00bboff\u00bb use_background_color_gradient=\u00bbon\u00bb background_color_gradient_start=\u00bbrgba(255,255,255,0.76)\u00bb background_color_gradient_end=\u00bbrgba(255,255,255,0.85)\u00bb background_color_gradient_overlays_image=\u00bbon\u00bb background_image=\u00bbhttps:\/\/asusenre.com\/wp-content\/uploads\/274961612_970078950291878_9119975329911988702_n.jpg\u00bb] Promoviendo el autoconsumo de energ\u00eda [\/et_pb_fullwidth_header][\/et_pb_section][et_pb_section fb_built=\u00bb1&#8243; _builder_version=\u00bb4.9.4&#8243; _module_preset=\u00bbdefault\u00bb][et_pb_row _builder_version=\u00bb4.9.4&#8243; _module_preset=\u00bbdefault\u00bb][et_pb_column type=\u00bb4_4&#8243; _builder_version=\u00bb4.9.4&#8243; _module_preset=\u00bbdefault\u00bb][et_pb_text _builder_version=\u00bb4.9.4&#8243; _module_preset=\u00bbdefault\u00bb hover_enabled=\u00bb0&#8243; sticky_enabled=\u00bb0&#8243;] En concordancia con [&hellip;]<\/p>\n","protected":false},"author":1,"featured_media":0,"parent":0,"menu_order":0,"comment_status":"closed","ping_status":"closed","template":"","meta":{"_et_pb_use_builder":"on","_et_pb_old_content":"","_et_gb_content_width":"","_joinchat":[],"footnotes":""},"class_list":["post-121","page","type-page","status-publish","hentry"],"_links":{"self":[{"href":"https:\/\/asusenre.com\/index.php?rest_route=\/wp\/v2\/pages\/121","targetHints":{"allow":["GET"]}}],"collection":[{"href":"https:\/\/asusenre.com\/index.php?rest_route=\/wp\/v2\/pages"}],"about":[{"href":"https:\/\/asusenre.com\/index.php?rest_route=\/wp\/v2\/types\/page"}],"author":[{"embeddable":true,"href":"https:\/\/asusenre.com\/index.php?rest_route=\/wp\/v2\/users\/1"}],"replies":[{"embeddable":true,"href":"https:\/\/asusenre.com\/index.php?rest_route=%2Fwp%2Fv2%2Fcomments&post=121"}],"version-history":[{"count":6,"href":"https:\/\/asusenre.com\/index.php?rest_route=\/wp\/v2\/pages\/121\/revisions"}],"predecessor-version":[{"id":252,"href":"https:\/\/asusenre.com\/index.php?rest_route=\/wp\/v2\/pages\/121\/revisions\/252"}],"wp:attachment":[{"href":"https:\/\/asusenre.com\/index.php?rest_route=%2Fwp%2Fv2%2Fmedia&parent=121"}],"curies":[{"name":"wp","href":"https:\/\/api.w.org\/{rel}","templated":true}]}}

Aula Temática

<p>[et_pb_section fb_built=»1&#8243; fullwidth=»on» _builder_version=»4.9.4&#8243; _module_preset=»default»][et_pb_fullwidth_header title=»AULA TEMÁTICA» subhead=»Asociación de usuarios de Energías Renovables» text_orientation=»center» header_fullscreen=»on» logo_image_url=»https://asusenre.com/wp-content/uploads/Aula-295&#215;300.png» content_max_width=»50%» _builder_version=»4.9.4&#8243; _module_preset=»default» title_text_align=»center» title_text_color=»#000000&#8243; title_font_size=»60px» content_text_color=»#000000&#8243; content_font_size=»17px» content_line_height=»2.5em» subhead_text_color=»#000000&#8243; subhead_font_size=»14px» subhead_letter_spacing=»5px» background_enable_color=»off» use_background_color_gradient=»on» background_color_gradient_start=»rgba(255,255,255,0.76)» background_color_gradient_end=»rgba(255,255,255,0.85)» background_color_gradient_overlays_image=»on» background_image=»https://asusenre.com/wp-content/uploads/274961612_970078950291878_9119975329911988702_n.jpg»]</p>
<p><strong>Promoviendo el autoconsumo de energía</strong></p>
<p>[/et_pb_fullwidth_header][/et_pb_section][et_pb_section fb_built=»1&#8243; _builder_version=»4.9.4&#8243; _module_preset=»default»][et_pb_row _builder_version=»4.9.4&#8243; _module_preset=»default»][et_pb_column type=»4_4&#8243; _builder_version=»4.9.4&#8243; _module_preset=»default»][et_pb_text _builder_version=»4.9.4&#8243; _module_preset=»default» hover_enabled=»0&#8243; sticky_enabled=»0&#8243;]</p>
<p style="text-align: justify;">En concordancia con los propósitos de la Asociación de Usuarios de Energías Renovables es que se crea este espacio formativo en distintos ambitos de las energías renovables.</p>
<p style="text-align: justify;">El diseño del contenido de este espacio ha sido subvencionado por la Comunidad Autónoma de la Región de Murcia.</p>
<p>[/et_pb_text][/et_pb_column][/et_pb_row][et_pb_row _builder_version=»4.9.4&#8243; _module_preset=»default»][et_pb_column _builder_version=»4.9.4&#8243; _module_preset=»default» type=»4_4&#8243;][et_pb_image src=»https://asusenre.com/wp-content/uploads/9074-IMGR4.png» _builder_version=»4.9.4&#8243; _module_preset=»default» module_alignment=»center» hover_enabled=»0&#8243; sticky_enabled=»0&#8243; align=»center» max_width=»25%»][/et_pb_image][/et_pb_column][/et_pb_row][et_pb_row column_structure=»1_3,1_3,1_3&#8243; _builder_version=»4.9.4&#8243; _module_preset=»default»][et_pb_column type=»1_3&#8243; _builder_version=»4.9.4&#8243; _module_preset=»default»][et_pb_image src=»https://asusenre.com/wp-content/uploads/ENERGIA-ELECTRICA-1.png» title_text=»Guía de consumo responsable &#8211; Energía eléctrica» _builder_version=»4.9.4&#8243; _module_preset=»default» hover_enabled=»0&#8243; sticky_enabled=»0&#8243; url=»https://asusenre.com/wp-content/uploads/ENERGIA-ELECTRICA.pdf» url_new_window=»on»][/et_pb_image][/et_pb_column][et_pb_column type=»1_3&#8243; _builder_version=»4.9.4&#8243; _module_preset=»default»][et_pb_image src=»https://asusenre.com/wp-content/uploads/GAS-1.png» title_text=»Guía de consumo responsable &#8211; Gas» _builder_version=»4.9.4&#8243; _module_preset=»default» hover_enabled=»0&#8243; sticky_enabled=»0&#8243; url=»https://asusenre.com/wp-content/uploads/GAS.pdf» url_new_window=»on»][/et_pb_image][/et_pb_column][et_pb_column type=»1_3&#8243; _builder_version=»4.9.4&#8243; _module_preset=»default»][et_pb_image src=»https://asusenre.com/wp-content/uploads/EFICIENCIA-1.png» title_text=»Guía de consumo responsable &#8211; Eficiencia Energética» _builder_version=»4.9.4&#8243; _module_preset=»default» hover_enabled=»0&#8243; sticky_enabled=»0&#8243; url=»https://asusenre.com/wp-content/uploads/EFICIENCIA.pdf» url_new_window=»on»][/et_pb_image][/et_pb_column][/et_pb_row][et_pb_row _builder_version=»4.9.4&#8243; _module_preset=»default»][et_pb_column _builder_version=»4.9.4&#8243; _module_preset=»default» type=»4_4&#8243;][et_pb_text _builder_version=»4.9.4&#8243; _module_preset=»default» hover_enabled=»0&#8243; sticky_enabled=»0&#8243;]</p>
<p style="text-align: justify;">Los contenidos de esta sección fueron desarrollados por GSC &#8211; Servicio de Excelencia al Consumidor por encargo de la Asociación de Usuarios de Energías Renovables.</p>
<p>[/et_pb_text][et_pb_image src=»https://asusenre.com/wp-content/uploads/LOGO-ALTA.png» _builder_version=»4.9.4&#8243; _module_preset=»default» align=»center» width=»19%» hover_enabled=»0&#8243; sticky_enabled=»0&#8243;][/et_pb_image][/et_pb_column][/et_pb_row][/et_pb_section]</p>

<p>[et_pb_section fb_built=»1&#8243; fullwidth=»on» _builder_version=»4.9.4&#8243; _module_preset=»default»][et_pb_fullwidth_header title=»AULA TEMÁTICA» subhead=»Asociación de usuarios de Energías Renovables» text_orientation=»center» header_fullscreen=»on» logo_image_url=»https://asusenre.com/wp-content/uploads/Aula-295&#215;300.png» content_max_width=»50%» _builder_version=»4.9.4&#8243; _module_preset=»default» title_text_align=»center» title_text_color=»#000000&#8243; title_font_size=»60px» content_text_color=»#000000&#8243; content_font_size=»17px» content_line_height=»2.5em» subhead_text_color=»#000000&#8243; subhead_font_size=»14px» subhead_letter_spacing=»5px» background_enable_color=»off» use_background_color_gradient=»on» background_color_gradient_start=»rgba(255,255,255,0.76)» background_color_gradient_end=»rgba(255,255,255,0.85)» background_color_gradient_overlays_image=»on» background_image=»https://asusenre.com/wp-content/uploads/274961612_970078950291878_9119975329911988702_n.jpg»] Promoviendo el autoconsumo de energía [/et_pb_fullwidth_header][/et_pb_section][et_pb_section fb_built=»1&#8243; _builder_version=»4.9.4&#8243; _module_preset=»default»][et_pb_row _builder_version=»4.9.4&#8243; _module_preset=»default»][et_pb_column type=»4_4&#8243; _builder_version=»4.9.4&#8243; _module_preset=»default»][et_pb_text _builder_version=»4.9.4&#8243; _module_preset=»default» hover_enabled=»0&#8243; sticky_enabled=»0&#8243;] En concordancia con [&hellip;]</p>
